{"id":581,"date":"2023-01-31T13:26:53","date_gmt":"2023-01-31T18:26:53","guid":{"rendered":"https:\/\/qft-mathphys.uniandes.edu.co\/anreyes\/?page_id=581"},"modified":"2023-01-31T14:11:29","modified_gmt":"2023-01-31T19:11:29","slug":"relatividad-general","status":"publish","type":"page","link":"https:\/\/qft-mathphys.uniandes.edu.co\/anreyes\/relatividad-general\/","title":{"rendered":"Relatividad General"},"content":{"rendered":"\n<ol class=\"wp-block-list\"><li>Electrodin\u00e1mica y relatividad especial PDF: <a href=\"https:\/\/qft-mathphys.uniandes.edu.co\/anreyes\/wp-content\/uploads\/2023\/01\/1.-Electrodinamica-y-Relatividad-Especial_A.pdf\" target=\"_blank\" rel=\"noreferrer noopener\">A<\/a> <a href=\"https:\/\/qft-mathphys.uniandes.edu.co\/anreyes\/wp-content\/uploads\/2023\/01\/1.-Electrodinamica-y-Relatividad-Especial_B.pdf\" target=\"_blank\" rel=\"noreferrer noopener\">B<\/a> <a href=\"https:\/\/qft-mathphys.uniandes.edu.co\/anreyes\/wp-content\/uploads\/2023\/01\/1.-Electrodinamica-y-Relatividad-Especial_C.pdf\" target=\"_blank\" rel=\"noreferrer noopener\">C<\/a><\/li><li>El Principio de equivalencia<\/li><li>Geometr\u00eda de superficies-I<\/li><li>Geometr\u00eda de superficies-II<\/li><li>Variedades<\/li><li>Geometr\u00eda diferencial<\/li><li>El tensor de stress-energ\u00eda-I<\/li><li>El tensor de stress-energ\u00eda-II<\/li><li>Derivaciones tensoriales<\/li><li>Las ecuaciones de campo de Einstein<\/li><li>La soluci\u00f3n de Schwarzschild<\/li><li>Campos de Killing<\/li><li>Agujeros negros<\/li><li>Cosmolog\u00eda-I<\/li><li>Cosmolog\u00eda-II<\/li><\/ol>\n","protected":false},"excerpt":{"rendered":"<p>Electrodin\u00e1mica y relatividad especial PDF: A B C El Principio de equivalencia Geometr\u00eda de superficies-I Geometr\u00eda de superficies-II Variedades Geometr\u00eda diferencial El tensor de stress-energ\u00eda-I El tensor de stress-energ\u00eda-II Derivaciones tensoriales Las ecuaciones de campo de Einstein La soluci\u00f3n de Schwarzschild Campos de Killing Agujeros negros Cosmolog\u00eda-I Cosmolog\u00eda-II<\/p>\n","protected":false},"author":3,"featured_media":0,"parent":0,"menu_order":0,"comment_status":"closed","ping_status":"closed","template":"","meta":{"_monsterinsights_skip_tracking":false,"_monsterinsights_sitenote_active":false,"_monsterinsights_sitenote_note":"","_monsterinsights_sitenote_category":0,"footnotes":""},"class_list":["post-581","page","type-page","status-publish","hentry"],"aioseo_notices":[],"_links":{"self":[{"href":"https:\/\/qft-mathphys.uniandes.edu.co\/anreyes\/wp-json\/wp\/v2\/pages\/581"}],"collection":[{"href":"https:\/\/qft-mathphys.uniandes.edu.co\/anreyes\/wp-json\/wp\/v2\/pages"}],"about":[{"href":"https:\/\/qft-mathphys.uniandes.edu.co\/anreyes\/wp-json\/wp\/v2\/types\/page"}],"author":[{"embeddable":true,"href":"https:\/\/qft-mathphys.uniandes.edu.co\/anreyes\/wp-json\/wp\/v2\/users\/3"}],"replies":[{"embeddable":true,"href":"https:\/\/qft-mathphys.uniandes.edu.co\/anreyes\/wp-json\/wp\/v2\/comments?post=581"}],"version-history":[{"count":5,"href":"https:\/\/qft-mathphys.uniandes.edu.co\/anreyes\/wp-json\/wp\/v2\/pages\/581\/revisions"}],"predecessor-version":[{"id":595,"href":"https:\/\/qft-mathphys.uniandes.edu.co\/anreyes\/wp-json\/wp\/v2\/pages\/581\/revisions\/595"}],"wp:attachment":[{"href":"https:\/\/qft-mathphys.uniandes.edu.co\/anreyes\/wp-json\/wp\/v2\/media?parent=581"}],"curies":[{"name":"wp","href":"https:\/\/api.w.org\/{rel}","templated":true}]}}